
What is the greatest common factor of 6289 and 19?
19
Calculate the greatest common factor of 26 and 442.
26
Calculate the greatest common divisor of 1706 and 10.
2
What is the greatest common divisor of 175 and 259?
7
Calculate the greatest common divisor of 225 and 75.
75
What is the greatest common factor of 8257 and 69?
23
Calculate the greatest common divisor of 1305 and 45.
45
What is the greatest common divisor of 730 and 30?
10
Calculate the highest common divisor of 18 and 852.
6
What is the highest common divisor of 1584 and 660?
132
Calculate the highest common divisor of 8 and 20.
4
What is the highest common factor of 944 and 11564?
236
What is the highest common divisor of 2627 and 37?
37
Calculate the highest common factor of 720 and 738.
18
What is the greatest common divisor of 6 and 11820?
6
Calculate the highest common divisor of 84 and 1036.
28
What is the greatest common factor of 223 and 1?
1
What is the greatest common divisor of 60 and 25?
5
Calculate the highest common divisor of 183 and 48861.
183
What is the greatest common factor of 126 and 1017?
9
What is the greatest common factor of 209 and 55?
11
Calculate the highest common divisor of 64 and 900.
4
Calculate the highest common divisor of 475 and 50.
25
What is the highest common factor of 160 and 56?
8
Calculate the highest common factor of 437 and 3116.
19
What is the highest common divisor of 69 and 1403?
23
What is the greatest common divisor of 390 and 180?
30
What is the highest common factor of 40 and 10100?
20
Calculate the greatest common divisor of 160 and 608.
32
Calculate the greatest common factor of 12 and 264.
12
Calculate the highest common factor of 585 and 45.
45
What is the highest common divisor of 19668 and 132?
132
Calculate the highest common divisor of 576 and 72.
72
What is the highest common divisor of 3423 and 63?
21
What is the highest common divisor of 595 and 70?
35
Calculate the highest common factor of 3 and 642.
3
What is the greatest common factor of 366 and 12?
6
Calculate the highest common factor of 5 and 20.
5
Calculate the highest common factor of 188 and 1786.
94
What is the highest common divisor of 242 and 44?
22
What is the highest common factor of 750 and 7050?
150
What is the greatest common divisor of 120 and 60?
60
What is the highest common divisor of 396 and 176?
44
What is the highest common factor of 84 and 444?
12
What is the highest common factor of 26 and 442?
26
What is the greatest common factor of 16 and 472?
8
What is the greatest common factor of 576 and 208?
16
What is the greatest common divisor of 32686 and 118?
118
Calculate the greatest common divisor of 7714 and 7.
7
Calculate the highest common divisor of 64 and 1472.
64
What is the greatest common factor of 8 and 5212?
4
Calculate the highest common factor of 126 and 4830.
42
What is the highest common factor of 140 and 105?
35
What is the greatest common factor of 2314 and 26?
26
What is the highest common divisor of 805 and 2485?
35
Calculate the greatest common factor of 7317 and 189.
27
Calculate the greatest common factor of 116 and 493.
29
Calculate the greatest common factor of 1394 and 884.
34
What is the greatest common factor of 78 and 2301?
39
Calculate the highest common divisor of 81 and 63.
9
Calculate the highest common factor of 80154 and 61.
61
What is the highest common divisor of 160 and 3120?
80
What is the greatest common divisor of 4 and 14?
2
What is the highest common factor of 3029 and 699?
233
What is the greatest common divisor of 782 and 207?
23
Calculate the highest common factor of 54 and 288.
18
Calculate the highest common factor of 6003 and 552.
69
Calculate the greatest common divisor of 6873 and 348.
87
What is the greatest common divisor of 8640 and 135?
135
What is the greatest common factor of 667 and 29?
29
Calculate the highest common divisor of 64 and 144.
16
What is the greatest common factor of 1995 and 76?
19
Calculate the highest common divisor of 7540 and 1040.
260
What is the greatest common factor of 8155 and 35?
35
What is the greatest common factor of 540 and 2484?
108
What is the highest common factor of 22 and 15114?
22
Calculate the greatest common divisor of 6157 and 262.
131
What is the greatest common divisor of 741 and 13?
13
Calculate the highest common divisor of 123 and 426.
3
Calculate the greatest common divisor of 1 and 1.
1
What is the highest common factor of 34 and 46?
2
Calculate the highest common divisor of 351 and 99.
9
Calculate the highest common divisor of 966 and 1771.
161
What is the greatest common factor of 3760 and 6110?
470
What is the greatest common factor of 1314 and 306?
18
Calculate the highest common factor of 1464 and 384.
24
What is the greatest common factor of 1053 and 52?
13
Calculate the highest common factor of 12415 and 325.
65
Calculate the greatest common divisor of 968 and 1496.
88
Calculate the greatest common factor of 17 and 63104.
17
What is the highest common divisor of 13 and 26?
13
What is the highest common factor of 2205 and 5355?
315
Calculate the greatest common factor of 350 and 280.
70
Calculate the highest common factor of 4392 and 36.
36
Calculate the greatest common divisor of 5992 and 321.
107
What is the highest common factor of 231 and 84?
21
Calculate the highest common factor of 1182 and 6.
6
What is the greatest common factor of 5963 and 134?
67
What is the highest common factor of 159 and 18709?
53
Calculate the highest common factor of 3753 and 18.
9
Calculate the greatest common divisor of 1800 and 144.
72
Calculate the highest common factor of 68 and 3995.
17
Calculate the greatest common divisor of 427 and 63.
7
Calculate the highest common factor of 21 and 9.
3
Calculate the highest common divisor of 7596 and 72.
36
What is the greatest common divisor of 95 and 247?
19
Calculate the greatest common factor of 672 and 192.
96
Calculate the greatest common factor of 46 and 38134.
46
What is the highest common divisor of 72 and 468?
36
Calculate the greatest common factor of 85 and 51.
17
What is the greatest common factor of 208 and 936?
104
Calculate the greatest common factor of 8 and 104.
8
What is the greatest common factor of 1 and 199?
1
Calculate the greatest common factor of 27 and 27.
27
Calculate the highest common factor of 12 and 21.
3
What is the highest common divisor of 1674 and 124?
62
What is the greatest common factor of 168 and 84?
84
Calculate the highest common divisor of 1144 and 715.
143
What is the highest common factor of 1027 and 13?
13
Calculate the greatest common divisor of 17 and 2295.
17
Calculate the greatest common factor of 114 and 114.
114
Calculate the greatest common factor of 424 and 1.
1
What is the highest common divisor of 42 and 14?
14
Calculate the greatest common factor of 18 and 42246.
18
What is the greatest common factor of 819 and 728?
91
Calculate the greatest common divisor of 42 and 1274.
14
What is the highest common factor of 3114 and 18?
18
What is the greatest common factor of 86 and 2494?
86
What is the highest common factor of 200 and 2225?
25
Calculate the highest common factor of 13429 and 26.
13
Calculate the highest common factor of 240 and 11760.
240
Calculate the highest common divisor of 742 and 42665.
371
Calculate the greatest common factor of 6441 and 678.
339
What is the highest common factor of 35 and 35?
35
What is the highest common divisor of 532 and 28?
28
What is the greatest common factor of 2568 and 24?
24
What is the highest common divisor of 231 and 378?
21
Calculate the highest common factor of 76 and 14174.
38
What is the highest common factor of 114 and 50?
2
Calculate the greatest common divisor of 42 and 1918.
14
Calculate the highest common divisor of 21 and 413.
7
What is the greatest common divisor of 14 and 14?
14
What is the greatest common divisor of 600 and 360?
120
Calculate the greatest common divisor of 1717 and 34.
17
Calculate the greatest common divisor of 19 and 1178.
19
Calculate the greatest common factor of 21591 and 27.
9
What is the highest common divisor of 8876 and 56?
28
Calculate the highest common factor of 2 and 6694.
2
What is the greatest common factor of 92 and 3404?
92
Calculate the highest common divisor of 195